{"id":361,"date":"2025-03-25T14:39:30","date_gmt":"2025-03-25T14:39:30","guid":{"rendered":"https:\/\/paripesa.team\/finland\/ru\/?page_id=361"},"modified":"2026-03-19T12:07:22","modified_gmt":"2026-03-19T12:07:22","slug":"registration","status":"publish","type":"page","link":"https:\/\/paripesa.team\/finland\/registration\/","title":{"rendered":"Ilmoittautuminen"},"content":{"rendered":"","protected":false},"excerpt":{"rendered":"","protected":false},"author":1,"featured_media":0,"parent":0,"menu_order":0,"comment_status":"closed","ping_status":"closed","template":"","meta":{"footnotes":""},"class_list":["post-361","page","type-page","status-publish","hentry"],"yoast_head":"<!-- This site is optimized with the Yoast SEO plugin v27.4 - https:\/\/yoast.com\/product\/yoast-seo-wordpress\/ -->\n<title>Paripesa-rekister\u00f6ityminen \ud83d\udd39 Tilin luominen<\/title>\n<meta name=\"description\" content=\"Opi rekister\u00f6itym\u00e4\u00e4n vedonly\u00f6nti- ja kasinopalveluun Paripesa\u26a1 L\u00f6yd\u00e4 eksklusiivisia bonuksia ja j\u00e4nnitt\u00e4vi\u00e4 pelej\u00e4\" \/>\n<meta name=\"robots\" content=\"index, follow, max-snippet:-1, max-image-preview:large, max-video-preview:-1\" \/>\n<meta property=\"og:locale\" content=\"fi_FI\" \/>\n<meta property=\"og:type\" content=\"article\" \/>\n<meta property=\"og:title\" content=\"Paripesa-rekister\u00f6ityminen \ud83d\udd39 Tilin luominen\" \/>\n<meta property=\"og:description\" content=\"Opi rekister\u00f6itym\u00e4\u00e4n vedonly\u00f6nti- ja kasinopalveluun Paripesa\u26a1 L\u00f6yd\u00e4 eksklusiivisia bonuksia ja j\u00e4nnitt\u00e4vi\u00e4 pelej\u00e4\" \/>\n<meta property=\"og:url\" content=\"https:\/\/paripesa.team\/finland\/registration\/\" \/>\n<meta property=\"og:site_name\" content=\"Paripesa Team FI\" \/>\n<meta property=\"article:modified_time\" content=\"2026-03-19T12:07:22+00:00\" \/>\n<meta name=\"twitter:card\" content=\"summary_large_image\" \/>\n<script type=\"application\/ld+json\" class=\"yoast-schema-graph\">{\"@context\":\"https:\\\/\\\/schema.org\",\"@graph\":[{\"@type\":\"WebPage\",\"@id\":\"https:\\\/\\\/paripesa.team\\\/finland\\\/registration\\\/\",\"url\":\"https:\\\/\\\/paripesa.team\\\/finland\\\/registration\\\/\",\"name\":\"Paripesa-rekister\u00f6ityminen \ud83d\udd39 Tilin luominen\",\"isPartOf\":{\"@id\":\"https:\\\/\\\/paripesa.team\\\/finland\\\/#website\"},\"datePublished\":\"2025-03-25T14:39:30+00:00\",\"dateModified\":\"2026-03-19T12:07:22+00:00\",\"description\":\"Opi rekister\u00f6itym\u00e4\u00e4n vedonly\u00f6nti- ja kasinopalveluun Paripesa\u26a1 L\u00f6yd\u00e4 eksklusiivisia bonuksia ja j\u00e4nnitt\u00e4vi\u00e4 pelej\u00e4\",\"breadcrumb\":{\"@id\":\"https:\\\/\\\/paripesa.team\\\/finland\\\/registration\\\/#breadcrumb\"},\"inLanguage\":\"fi\",\"potentialAction\":[{\"@type\":\"ReadAction\",\"target\":[\"https:\\\/\\\/paripesa.team\\\/finland\\\/registration\\\/\"]}]},{\"@type\":\"BreadcrumbList\",\"@id\":\"https:\\\/\\\/paripesa.team\\\/finland\\\/registration\\\/#breadcrumb\",\"itemListElement\":[{\"@type\":\"ListItem\",\"position\":1,\"name\":\"Home\",\"item\":\"https:\\\/\\\/paripesa.team\\\/finland\\\/\"},{\"@type\":\"ListItem\",\"position\":2,\"name\":\"Ilmoittautuminen\"}]},{\"@type\":\"WebSite\",\"@id\":\"https:\\\/\\\/paripesa.team\\\/finland\\\/#website\",\"url\":\"https:\\\/\\\/paripesa.team\\\/finland\\\/\",\"name\":\"Paripesa Team FI\",\"description\":\"My WordPress Blog\",\"potentialAction\":[{\"@type\":\"SearchAction\",\"target\":{\"@type\":\"EntryPoint\",\"urlTemplate\":\"https:\\\/\\\/paripesa.team\\\/finland\\\/?s={search_term_string}\"},\"query-input\":{\"@type\":\"PropertyValueSpecification\",\"valueRequired\":true,\"valueName\":\"search_term_string\"}}],\"inLanguage\":\"fi\"}]}<\/script>\n<!-- \/ Yoast SEO plugin. -->","yoast_head_json":{"title":"Paripesa-rekister\u00f6ityminen \ud83d\udd39 Tilin luominen","description":"Opi rekister\u00f6itym\u00e4\u00e4n vedonly\u00f6nti- ja kasinopalveluun Paripesa\u26a1 L\u00f6yd\u00e4 eksklusiivisia bonuksia ja j\u00e4nnitt\u00e4vi\u00e4 pelej\u00e4","robots":{"index":"index","follow":"follow","max-snippet":"max-snippet:-1","max-image-preview":"max-image-preview:large","max-video-preview":"max-video-preview:-1"},"og_locale":"fi_FI","og_type":"article","og_title":"Paripesa-rekister\u00f6ityminen \ud83d\udd39 Tilin luominen","og_description":"Opi rekister\u00f6itym\u00e4\u00e4n vedonly\u00f6nti- ja kasinopalveluun Paripesa\u26a1 L\u00f6yd\u00e4 eksklusiivisia bonuksia ja j\u00e4nnitt\u00e4vi\u00e4 pelej\u00e4","og_url":"https:\/\/paripesa.team\/finland\/registration\/","og_site_name":"Paripesa Team FI","article_modified_time":"2026-03-19T12:07:22+00:00","twitter_card":"summary_large_image","schema":{"@context":"https:\/\/schema.org","@graph":[{"@type":"WebPage","@id":"https:\/\/paripesa.team\/finland\/registration\/","url":"https:\/\/paripesa.team\/finland\/registration\/","name":"Paripesa-rekister\u00f6ityminen \ud83d\udd39 Tilin luominen","isPartOf":{"@id":"https:\/\/paripesa.team\/finland\/#website"},"datePublished":"2025-03-25T14:39:30+00:00","dateModified":"2026-03-19T12:07:22+00:00","description":"Opi rekister\u00f6itym\u00e4\u00e4n vedonly\u00f6nti- ja kasinopalveluun Paripesa\u26a1 L\u00f6yd\u00e4 eksklusiivisia bonuksia ja j\u00e4nnitt\u00e4vi\u00e4 pelej\u00e4","breadcrumb":{"@id":"https:\/\/paripesa.team\/finland\/registration\/#breadcrumb"},"inLanguage":"fi","potentialAction":[{"@type":"ReadAction","target":["https:\/\/paripesa.team\/finland\/registration\/"]}]},{"@type":"BreadcrumbList","@id":"https:\/\/paripesa.team\/finland\/registration\/#breadcrumb","itemListElement":[{"@type":"ListItem","position":1,"name":"Home","item":"https:\/\/paripesa.team\/finland\/"},{"@type":"ListItem","position":2,"name":"Ilmoittautuminen"}]},{"@type":"WebSite","@id":"https:\/\/paripesa.team\/finland\/#website","url":"https:\/\/paripesa.team\/finland\/","name":"Paripesa Team FI","description":"My WordPress Blog","potentialAction":[{"@type":"SearchAction","target":{"@type":"EntryPoint","urlTemplate":"https:\/\/paripesa.team\/finland\/?s={search_term_string}"},"query-input":{"@type":"PropertyValueSpecification","valueRequired":true,"valueName":"search_term_string"}}],"inLanguage":"fi"}]}},"_links":{"self":[{"href":"https:\/\/paripesa.team\/finland\/wp-json\/wp\/v2\/pages\/361","targetHints":{"allow":["GET"]}}],"collection":[{"href":"https:\/\/paripesa.team\/finland\/wp-json\/wp\/v2\/pages"}],"about":[{"href":"https:\/\/paripesa.team\/finland\/wp-json\/wp\/v2\/types\/page"}],"author":[{"embeddable":true,"href":"https:\/\/paripesa.team\/finland\/wp-json\/wp\/v2\/users\/1"}],"replies":[{"embeddable":true,"href":"https:\/\/paripesa.team\/finland\/wp-json\/wp\/v2\/comments?post=361"}],"version-history":[{"count":11,"href":"https:\/\/paripesa.team\/finland\/wp-json\/wp\/v2\/pages\/361\/revisions"}],"predecessor-version":[{"id":566,"href":"https:\/\/paripesa.team\/finland\/wp-json\/wp\/v2\/pages\/361\/revisions\/566"}],"wp:attachment":[{"href":"https:\/\/paripesa.team\/finland\/wp-json\/wp\/v2\/media?parent=361"}],"curies":[{"name":"wp","href":"https:\/\/api.w.org\/{rel}","templated":true}]}}