{"id":2,"date":"2023-05-18T17:18:34","date_gmt":"2023-05-18T17:18:34","guid":{"rendered":"https:\/\/paripesa.team\/congo\/?page_id=2"},"modified":"2026-03-28T09:50:38","modified_gmt":"2026-03-28T09:50:38","slug":"sample-page","status":"publish","type":"page","link":"https:\/\/paripesa.team\/congo\/","title":{"rendered":"Accueil"},"content":{"rendered":"","protected":false},"excerpt":{"rendered":"","protected":false},"author":1,"featured_media":0,"parent":0,"menu_order":0,"comment_status":"closed","ping_status":"open","template":"","meta":{"footnotes":""},"class_list":["post-2","page","type-page","status-publish","hentry"],"yoast_head":"<!-- This site is optimized with the Yoast SEO plugin v27.4 - https:\/\/yoast.com\/product\/yoast-seo-wordpress\/ -->\n<title>Paripesa\u2122 \u2014 Paris Sportifs, Meilleures Cotes&amp;Live \u2014 May 2026<\/title>\n<meta name=\"description\" content=\"Pari Pesa Congo propose des paris sportifs sur les principaux championnats, avec des cotes comp\u00e9titives, des march\u00e9s de paris en direct, un placement rapide des paris et une exp\u00e9rience fluide pour les parieurs assidus.\" \/>\n<meta name=\"robots\" content=\"index, follow, max-snippet:-1, max-image-preview:large, max-video-preview:-1\" \/>\n<meta property=\"og:locale\" content=\"fr_FR\" \/>\n<meta property=\"og:type\" content=\"article\" \/>\n<meta property=\"og:title\" content=\"Paripesa\u2122 \u2014 Paris Sportifs, Meilleures Cotes&amp;Live \u2014 May 2026\" \/>\n<meta property=\"og:description\" content=\"Pari Pesa Congo propose des paris sportifs sur les principaux championnats, avec des cotes comp\u00e9titives, des march\u00e9s de paris en direct, un placement rapide des paris et une exp\u00e9rience fluide pour les parieurs assidus.\" \/>\n<meta property=\"og:url\" content=\"https:\/\/paripesa.team\/congo\/\" \/>\n<meta property=\"og:site_name\" content=\"Paripesa Team CD\" \/>\n<meta property=\"article:modified_time\" content=\"2026-03-28T09:50:38+00:00\" \/>\n<meta name=\"twitter:card\" content=\"summary_large_image\" \/>\n<script type=\"application\/ld+json\" class=\"yoast-schema-graph\">{\"@context\":\"https:\\\/\\\/schema.org\",\"@graph\":[{\"@type\":\"WebPage\",\"@id\":\"https:\\\/\\\/paripesa.team\\\/congo\\\/\",\"url\":\"https:\\\/\\\/paripesa.team\\\/congo\\\/\",\"name\":\"Paripesa\u2122 \u2014 Paris Sportifs, Meilleures Cotes&Live \u2014 May 2026\",\"isPartOf\":{\"@id\":\"https:\\\/\\\/paripesa.team\\\/congo\\\/#website\"},\"datePublished\":\"2023-05-18T17:18:34+00:00\",\"dateModified\":\"2026-03-28T09:50:38+00:00\",\"description\":\"Pari Pesa Congo propose des paris sportifs sur les principaux championnats, avec des cotes comp\u00e9titives, des march\u00e9s de paris en direct, un placement rapide des paris et une exp\u00e9rience fluide pour les parieurs assidus.\",\"breadcrumb\":{\"@id\":\"https:\\\/\\\/paripesa.team\\\/congo\\\/#breadcrumb\"},\"inLanguage\":\"fr-CD\",\"potentialAction\":[{\"@type\":\"ReadAction\",\"target\":[\"https:\\\/\\\/paripesa.team\\\/congo\\\/\"]}]},{\"@type\":\"BreadcrumbList\",\"@id\":\"https:\\\/\\\/paripesa.team\\\/congo\\\/#breadcrumb\",\"itemListElement\":[{\"@type\":\"ListItem\",\"position\":1,\"name\":\"Home\",\"item\":\"https:\\\/\\\/paripesa.team\\\/congo\\\/\"},{\"@type\":\"ListItem\",\"position\":2,\"name\":\"Accueil\"}]},{\"@type\":\"WebSite\",\"@id\":\"https:\\\/\\\/paripesa.team\\\/congo\\\/#website\",\"url\":\"https:\\\/\\\/paripesa.team\\\/congo\\\/\",\"name\":\"Paripesa Team CD\",\"description\":\"My WordPress Blog\",\"potentialAction\":[{\"@type\":\"SearchAction\",\"target\":{\"@type\":\"EntryPoint\",\"urlTemplate\":\"https:\\\/\\\/paripesa.team\\\/congo\\\/?s={search_term_string}\"},\"query-input\":{\"@type\":\"PropertyValueSpecification\",\"valueRequired\":true,\"valueName\":\"search_term_string\"}}],\"inLanguage\":\"fr-CD\"}]}<\/script>\n<!-- \/ Yoast SEO plugin. -->","yoast_head_json":{"title":"Paripesa\u2122 \u2014 Paris Sportifs, Meilleures Cotes&Live \u2014 May 2026","description":"Pari Pesa Congo propose des paris sportifs sur les principaux championnats, avec des cotes comp\u00e9titives, des march\u00e9s de paris en direct, un placement rapide des paris et une exp\u00e9rience fluide pour les parieurs assidus.","robots":{"index":"index","follow":"follow","max-snippet":"max-snippet:-1","max-image-preview":"max-image-preview:large","max-video-preview":"max-video-preview:-1"},"og_locale":"fr_FR","og_type":"article","og_title":"Paripesa\u2122 \u2014 Paris Sportifs, Meilleures Cotes&Live \u2014 May 2026","og_description":"Pari Pesa Congo propose des paris sportifs sur les principaux championnats, avec des cotes comp\u00e9titives, des march\u00e9s de paris en direct, un placement rapide des paris et une exp\u00e9rience fluide pour les parieurs assidus.","og_url":"https:\/\/paripesa.team\/congo\/","og_site_name":"Paripesa Team CD","article_modified_time":"2026-03-28T09:50:38+00:00","twitter_card":"summary_large_image","schema":{"@context":"https:\/\/schema.org","@graph":[{"@type":"WebPage","@id":"https:\/\/paripesa.team\/congo\/","url":"https:\/\/paripesa.team\/congo\/","name":"Paripesa\u2122 \u2014 Paris Sportifs, Meilleures Cotes&Live \u2014 May 2026","isPartOf":{"@id":"https:\/\/paripesa.team\/congo\/#website"},"datePublished":"2023-05-18T17:18:34+00:00","dateModified":"2026-03-28T09:50:38+00:00","description":"Pari Pesa Congo propose des paris sportifs sur les principaux championnats, avec des cotes comp\u00e9titives, des march\u00e9s de paris en direct, un placement rapide des paris et une exp\u00e9rience fluide pour les parieurs assidus.","breadcrumb":{"@id":"https:\/\/paripesa.team\/congo\/#breadcrumb"},"inLanguage":"fr-CD","potentialAction":[{"@type":"ReadAction","target":["https:\/\/paripesa.team\/congo\/"]}]},{"@type":"BreadcrumbList","@id":"https:\/\/paripesa.team\/congo\/#breadcrumb","itemListElement":[{"@type":"ListItem","position":1,"name":"Home","item":"https:\/\/paripesa.team\/congo\/"},{"@type":"ListItem","position":2,"name":"Accueil"}]},{"@type":"WebSite","@id":"https:\/\/paripesa.team\/congo\/#website","url":"https:\/\/paripesa.team\/congo\/","name":"Paripesa Team CD","description":"My WordPress Blog","potentialAction":[{"@type":"SearchAction","target":{"@type":"EntryPoint","urlTemplate":"https:\/\/paripesa.team\/congo\/?s={search_term_string}"},"query-input":{"@type":"PropertyValueSpecification","valueRequired":true,"valueName":"search_term_string"}}],"inLanguage":"fr-CD"}]}},"_links":{"self":[{"href":"https:\/\/paripesa.team\/congo\/wp-json\/wp\/v2\/pages\/2","targetHints":{"allow":["GET"]}}],"collection":[{"href":"https:\/\/paripesa.team\/congo\/wp-json\/wp\/v2\/pages"}],"about":[{"href":"https:\/\/paripesa.team\/congo\/wp-json\/wp\/v2\/types\/page"}],"author":[{"embeddable":true,"href":"https:\/\/paripesa.team\/congo\/wp-json\/wp\/v2\/users\/1"}],"replies":[{"embeddable":true,"href":"https:\/\/paripesa.team\/congo\/wp-json\/wp\/v2\/comments?post=2"}],"version-history":[{"count":78,"href":"https:\/\/paripesa.team\/congo\/wp-json\/wp\/v2\/pages\/2\/revisions"}],"predecessor-version":[{"id":577,"href":"https:\/\/paripesa.team\/congo\/wp-json\/wp\/v2\/pages\/2\/revisions\/577"}],"wp:attachment":[{"href":"https:\/\/paripesa.team\/congo\/wp-json\/wp\/v2\/media?parent=2"}],"curies":[{"name":"wp","href":"https:\/\/api.w.org\/{rel}","templated":true}]}}