{"id":455,"date":"2025-07-24T11:17:32","date_gmt":"2025-07-24T11:17:32","guid":{"rendered":"https:\/\/paripesa.team\/argentina\/?page_id=455"},"modified":"2026-02-28T18:08:25","modified_gmt":"2026-02-28T18:08:25","slug":"first-deposit","status":"publish","type":"page","link":"https:\/\/paripesa.team\/argentina\/bonus\/first-deposit\/","title":{"rendered":"Primer dep\u00f3sito"},"content":{"rendered":"","protected":false},"excerpt":{"rendered":"","protected":false},"author":1,"featured_media":0,"parent":320,"menu_order":0,"comment_status":"closed","ping_status":"closed","template":"","meta":{"footnotes":""},"class_list":["post-455","page","type-page","status-publish","hentry"],"yoast_head":"<!-- This site is optimized with the Yoast SEO plugin v23.0 - https:\/\/yoast.com\/wordpress\/plugins\/seo\/ -->\n<title>Bono de bienvenida de PariPesa Sports \u00a1Consigue hasta 140 000 ARS!<\/title>\n<meta name=\"description\" content=\"Consigue hasta 150 000 ARS de bonificaci\u00f3n de PariPesa Argentina en apuestas deportivas. Duplica tu primer dep\u00f3sito y sum\u00e9rgete en el mundo de los deportes. \u00a1No te pierdas tus ganancias!\" \/>\n<meta name=\"robots\" content=\"index, follow, max-snippet:-1, max-image-preview:large, max-video-preview:-1\" \/>\n<meta property=\"og:locale\" content=\"es_ES\" \/>\n<meta property=\"og:type\" content=\"article\" \/>\n<meta property=\"og:title\" content=\"Bono de bienvenida de PariPesa Sports \u00a1Consigue hasta 140 000 ARS!\" \/>\n<meta property=\"og:description\" content=\"Consigue hasta 150 000 ARS de bonificaci\u00f3n de PariPesa Argentina en apuestas deportivas. Duplica tu primer dep\u00f3sito y sum\u00e9rgete en el mundo de los deportes. \u00a1No te pierdas tus ganancias!\" \/>\n<meta property=\"og:url\" content=\"https:\/\/paripesa.team\/argentina\/bonus\/first-deposit\/\" \/>\n<meta property=\"og:site_name\" content=\"Paripesa Team ar\" \/>\n<meta property=\"article:modified_time\" content=\"2026-02-28T18:08:25+00:00\" \/>\n<meta name=\"twitter:card\" content=\"summary_large_image\" \/>\n<script type=\"application\/ld+json\" class=\"yoast-schema-graph\">{\"@context\":\"https:\/\/schema.org\",\"@graph\":[{\"@type\":\"WebPage\",\"@id\":\"https:\/\/paripesa.team\/argentina\/bonus\/first-deposit\/\",\"url\":\"https:\/\/paripesa.team\/argentina\/bonus\/first-deposit\/\",\"name\":\"Bono de bienvenida de PariPesa Sports \u00a1Consigue hasta 140 000 ARS!\",\"isPartOf\":{\"@id\":\"https:\/\/paripesa.team\/argentina\/#website\"},\"datePublished\":\"2025-07-24T11:17:32+00:00\",\"dateModified\":\"2026-02-28T18:08:25+00:00\",\"description\":\"Consigue hasta 150 000 ARS de bonificaci\u00f3n de PariPesa Argentina en apuestas deportivas. Duplica tu primer dep\u00f3sito y sum\u00e9rgete en el mundo de los deportes. \u00a1No te pierdas tus ganancias!\",\"breadcrumb\":{\"@id\":\"https:\/\/paripesa.team\/argentina\/bonus\/first-deposit\/#breadcrumb\"},\"inLanguage\":\"es-AR\",\"potentialAction\":[{\"@type\":\"ReadAction\",\"target\":[\"https:\/\/paripesa.team\/argentina\/bonus\/first-deposit\/\"]}]},{\"@type\":\"BreadcrumbList\",\"@id\":\"https:\/\/paripesa.team\/argentina\/bonus\/first-deposit\/#breadcrumb\",\"itemListElement\":[{\"@type\":\"ListItem\",\"position\":1,\"name\":\"Home\",\"item\":\"https:\/\/paripesa.team\/argentina\/\"},{\"@type\":\"ListItem\",\"position\":2,\"name\":\"Bonificaci\u00f3n\",\"item\":\"https:\/\/paripesa.team\/argentina\/bonus\/\"},{\"@type\":\"ListItem\",\"position\":3,\"name\":\"Primer dep\u00f3sito\"}]},{\"@type\":\"WebSite\",\"@id\":\"https:\/\/paripesa.team\/argentina\/#website\",\"url\":\"https:\/\/paripesa.team\/argentina\/\",\"name\":\"Paripesa Team ar\",\"description\":\"My WordPress Blog\",\"potentialAction\":[{\"@type\":\"SearchAction\",\"target\":{\"@type\":\"EntryPoint\",\"urlTemplate\":\"https:\/\/paripesa.team\/argentina\/?s={search_term_string}\"},\"query-input\":\"required name=search_term_string\"}],\"inLanguage\":\"es-AR\"}]}<\/script>\n<!-- \/ Yoast SEO plugin. -->","yoast_head_json":{"title":"Bono de bienvenida de PariPesa Sports \u00a1Consigue hasta 140 000 ARS!","description":"Consigue hasta 150 000 ARS de bonificaci\u00f3n de PariPesa Argentina en apuestas deportivas. Duplica tu primer dep\u00f3sito y sum\u00e9rgete en el mundo de los deportes. \u00a1No te pierdas tus ganancias!","robots":{"index":"index","follow":"follow","max-snippet":"max-snippet:-1","max-image-preview":"max-image-preview:large","max-video-preview":"max-video-preview:-1"},"og_locale":"es_ES","og_type":"article","og_title":"Bono de bienvenida de PariPesa Sports \u00a1Consigue hasta 140 000 ARS!","og_description":"Consigue hasta 150 000 ARS de bonificaci\u00f3n de PariPesa Argentina en apuestas deportivas. Duplica tu primer dep\u00f3sito y sum\u00e9rgete en el mundo de los deportes. \u00a1No te pierdas tus ganancias!","og_url":"https:\/\/paripesa.team\/argentina\/bonus\/first-deposit\/","og_site_name":"Paripesa Team ar","article_modified_time":"2026-02-28T18:08:25+00:00","twitter_card":"summary_large_image","schema":{"@context":"https:\/\/schema.org","@graph":[{"@type":"WebPage","@id":"https:\/\/paripesa.team\/argentina\/bonus\/first-deposit\/","url":"https:\/\/paripesa.team\/argentina\/bonus\/first-deposit\/","name":"Bono de bienvenida de PariPesa Sports \u00a1Consigue hasta 140 000 ARS!","isPartOf":{"@id":"https:\/\/paripesa.team\/argentina\/#website"},"datePublished":"2025-07-24T11:17:32+00:00","dateModified":"2026-02-28T18:08:25+00:00","description":"Consigue hasta 150 000 ARS de bonificaci\u00f3n de PariPesa Argentina en apuestas deportivas. Duplica tu primer dep\u00f3sito y sum\u00e9rgete en el mundo de los deportes. \u00a1No te pierdas tus ganancias!","breadcrumb":{"@id":"https:\/\/paripesa.team\/argentina\/bonus\/first-deposit\/#breadcrumb"},"inLanguage":"es-AR","potentialAction":[{"@type":"ReadAction","target":["https:\/\/paripesa.team\/argentina\/bonus\/first-deposit\/"]}]},{"@type":"BreadcrumbList","@id":"https:\/\/paripesa.team\/argentina\/bonus\/first-deposit\/#breadcrumb","itemListElement":[{"@type":"ListItem","position":1,"name":"Home","item":"https:\/\/paripesa.team\/argentina\/"},{"@type":"ListItem","position":2,"name":"Bonificaci\u00f3n","item":"https:\/\/paripesa.team\/argentina\/bonus\/"},{"@type":"ListItem","position":3,"name":"Primer dep\u00f3sito"}]},{"@type":"WebSite","@id":"https:\/\/paripesa.team\/argentina\/#website","url":"https:\/\/paripesa.team\/argentina\/","name":"Paripesa Team ar","description":"My WordPress Blog","potentialAction":[{"@type":"SearchAction","target":{"@type":"EntryPoint","urlTemplate":"https:\/\/paripesa.team\/argentina\/?s={search_term_string}"},"query-input":"required name=search_term_string"}],"inLanguage":"es-AR"}]}},"_links":{"self":[{"href":"https:\/\/paripesa.team\/argentina\/wp-json\/wp\/v2\/pages\/455","targetHints":{"allow":["GET"]}}],"collection":[{"href":"https:\/\/paripesa.team\/argentina\/wp-json\/wp\/v2\/pages"}],"about":[{"href":"https:\/\/paripesa.team\/argentina\/wp-json\/wp\/v2\/types\/page"}],"author":[{"embeddable":true,"href":"https:\/\/paripesa.team\/argentina\/wp-json\/wp\/v2\/users\/1"}],"replies":[{"embeddable":true,"href":"https:\/\/paripesa.team\/argentina\/wp-json\/wp\/v2\/comments?post=455"}],"version-history":[{"count":6,"href":"https:\/\/paripesa.team\/argentina\/wp-json\/wp\/v2\/pages\/455\/revisions"}],"predecessor-version":[{"id":551,"href":"https:\/\/paripesa.team\/argentina\/wp-json\/wp\/v2\/pages\/455\/revisions\/551"}],"up":[{"embeddable":true,"href":"https:\/\/paripesa.team\/argentina\/wp-json\/wp\/v2\/pages\/320"}],"wp:attachment":[{"href":"https:\/\/paripesa.team\/argentina\/wp-json\/wp\/v2\/media?parent=455"}],"curies":[{"name":"wp","href":"https:\/\/api.w.org\/{rel}","templated":true}]}}